{"id":826,"date":"2015-03-09T20:21:56","date_gmt":"2015-03-09T19:21:56","guid":{"rendered":"http:\/\/www.decker.wien\/wolfgang\/?page_id=826"},"modified":"2026-03-20T11:50:31","modified_gmt":"2026-03-20T10:50:31","slug":"tag-9-25-jaenner-2015","status":"publish","type":"page","link":"http:\/\/www.decker.wien\/wolfgang\/namibia-2015\/tag-9-25-jaenner-2015\/","title":{"rendered":"Tag 09 &#8211; 25 J\u00e4nner 2015"},"content":{"rendered":"<p>Heute ist zur Abwechslung einmal etwas fr\u00fcher Tagwache, wir stehen um sieben Uhr auf und kommen nach dem gem\u00fctlichen Fr\u00fchst\u00fcck und dem Zusammenpacken unserer Habseligkeiten (was haben wir da gestern alles aus dem Auto ger\u00e4umt? ;-)) gegen 8:45 von der Lodge weg, um Richtung Palmwag zu fahren. Die Idee, zuerst Richtung Osten und&nbsp;\u00fcber die D2633 in den Upper Huab Trail einzufahren, habe ich gestern nach dem Wassererlebnis und dem vielen Regen schon ad acta gelegt, glaube nicht, dass das alleine eine gute Idee ist. Da wird ebenfalls einiges an Wasser flie\u00dfen.&nbsp;Wir fahren also&nbsp;die D3254 Richtung Norden, allerdings kommen wir nicht weit. Genauer gesagt nur bis zum Aba-Huab Riverbed Crossing. Dort geht mal gar nix mehr, da der Fluss \u00fcber die gesamte Breite flie\u00dft. Und das durchaus ordentlich.<\/p>\n<p><a href=\"http:\/\/www.decker.wien\/wolfgang\/wp-content\/uploads\/2015\/03\/25-01-2015-01-1.jpg\"><img loading=\"lazy\" decoding=\"async\" class=\"alignnone size-large wp-image-886\" src=\"http:\/\/www.decker.wien\/wolfgang\/wp-content\/uploads\/2015\/03\/25-01-2015-01-1-1024x680.jpg\" alt=\"25-01-2015-01-1\" width=\"904\" height=\"600\" srcset=\"http:\/\/www.decker.wien\/wolfgang\/wp-content\/uploads\/2015\/03\/25-01-2015-01-1-1024x680.jpg 1024w, http:\/\/www.decker.wien\/wolfgang\/wp-content\/uploads\/2015\/03\/25-01-2015-01-1-300x199.jpg 300w, http:\/\/www.decker.wien\/wolfgang\/wp-content\/uploads\/2015\/03\/25-01-2015-01-1-904x600.jpg 904w, http:\/\/www.decker.wien\/wolfgang\/wp-content\/uploads\/2015\/03\/25-01-2015-01-1.jpg 1200w\" sizes=\"auto, (max-width: 904px) 100vw, 904px\" \/><\/a><\/p>\n<p>War eh klar, nach dem Regen gestern, irgendwo muss das Wasser ja hin. Ich gehe einmal dr\u00fcber, versinke teilweise bis \u00fcber die Kn\u00f6cheln im Schlick. Das Wasser geht bis knapp zu den Knien und dabei habe ich den&nbsp;stark flie\u00dfenden Teil ganz auf der anderen Seite gar nicht durchquert. OK, dann warten wir mal ab und schauen, was passiert. Es dauert nicht lange, bis auf der gegen\u00fcberliegenden Seite ebenfalls zwei Fahrzeuge stehen. Auch diese steigen mal aus und warten. Zu uns gesellen sich&nbsp;dann ein paar Einheimische, die mich nach den Daten des Autos ausfragen und meinen, mit Untersetzung und dem gesperrten zweiten Gang w\u00fcrde der Hilux das schon schaffen. Ich bin ein wenig skeptisch und warte lieber noch ein wenig. Nach etwa einer halben Stunde ist das Wasser ein wenig zur\u00fcckgegangen, mir aber immer noch zu hoch und die Str\u00f6mung auf der anderen Seite zu stark. W\u00e4hrend wir immer noch alleine sind, ist dr\u00fcben schon Stau angesagt, 6 Autos und ein Bus stehen dort und warten. Immer noch wollen mich&nbsp;die f\u00fcnf Zuseher \u00fcberreden, doch schon zu fahren, aber ich bleibe standhaft. Mag ja nicht als erster absaufen dort.<\/p>\n<p>Dr\u00fcben macht sich ein wenig &#8222;Action&#8220; breit, eine Gruppe von ca. 15 Personen aus dem Bus beginnen, Schuhe in den H\u00e4nden und Hosen hochgekrempelt, durch den Fluss zu waten. Abenteuerurlaub in Namibia. Die andere H\u00e4lfte sieht sich das vom sicheren Bus aus, w\u00e4hrend wir nun auf unserer Seite Motorenger\u00e4usch vernehmen und schon bald die beiden Unimogs aus der Lodge ausmachen, die offenbar die Touristen abholen sollen. Na fein. Die Chancen steigen, dass wir da bald wegkommen, mit zwei Unimogs in der Gegend kann ja auch ein Steckenbleiben nicht so dramatisch sein.<\/p>\n<p><img loading=\"lazy\" decoding=\"async\" class=\"alignnone size-large wp-image-887\" src=\"http:\/\/www.decker.wien\/wolfgang\/wp-content\/uploads\/2015\/03\/25-01-2015-02-1024x768.jpg\" alt=\"25-01-2015-02\" width=\"904\" height=\"678\" srcset=\"http:\/\/www.decker.wien\/wolfgang\/wp-content\/uploads\/2015\/03\/25-01-2015-02-1024x768.jpg 1024w, http:\/\/www.decker.wien\/wolfgang\/wp-content\/uploads\/2015\/03\/25-01-2015-02-300x225.jpg 300w, http:\/\/www.decker.wien\/wolfgang\/wp-content\/uploads\/2015\/03\/25-01-2015-02-904x678.jpg 904w, http:\/\/www.decker.wien\/wolfgang\/wp-content\/uploads\/2015\/03\/25-01-2015-02.jpg 1200w\" sizes=\"auto, (max-width: 904px) 100vw, 904px\" \/><\/p>\n<p>Einer der beiden f\u00e4hrt mal bis zur Flussmitte, bleibt dann aber stehen und f\u00e4hrt r\u00fcckw\u00e4rts wieder hinaus. Hm. Also wenn nicht mal der Unimog da durch f\u00e4hrt, war&#8217;s wahrscheinlich doch besser, dass ich das nicht versucht hatte ;-). Der Fahrer meint, dass er zuerst noch mehr Luft aus den Reifen l\u00e4sst, gute Idee, das mach&#8216; ich ihm dann auch gleich mal nach. W\u00e4hrend der eine Unimog die mittlerweile heroisch durch den Fluss gewateten Menschen aufnimmt und in die Lodge bringt, wagt der andere den n\u00e4chsten Versuch und f\u00e4hrt, eine kleine Insel in der Mitte zuhilfenehmend, auf die andere Seite r\u00fcber. Dort hat sich die Menge der wartenden Autos mittlerweile gelichtet, drei 4&#215;4 Fahrzeuge sind weggefahren, als sie gesehen haben, dass der Unimog zur\u00fcckschiebt. Weicheier ;-).<\/p>\n<p>So, jetzt oder nie. Das Wasser ist w\u00e4hrend der letzten 40 Minuten weiter zur\u00fcckgegangen, in den Reifen sind noch ca. 1 Bar Luft drin, zur Not muss mich halt der Unimog&nbsp;rausziehen. Untersetzung rein, 2 Gang gesperrt und den Spuren des Unimogs nach.<\/p>\n<p><iframe loading=\"lazy\" src=\"https:\/\/www.youtube.com\/embed\/OTZzrjNcpto?rel=0\" width=\"640\" height=\"360\" frameborder=\"0\" allowfullscreen=\"allowfullscreen\"><\/iframe><\/p>\n<p>Wie beim Zahnarzt, hat gar nicht wehgetan und war gar nicht so schlimm. Ohne jegliches Problem meistern wir diese Etappe und ernten sogar Applaus ;-). Na, ja. Applaus war&nbsp;vielleicht ein bisschen \u00fcbertrieben, aber unsere f\u00fcnf Zuseher, die vor uns den Fluss zu Fu\u00df durchquert haben, freuen sich mit uns, dass wir da durchgekommen sind: &#8222;I told you, you can make it with this car&#8230;&#8220; ;-).<\/p>\n<p>Auf dem Weg nach Palmwag fahren wir&nbsp;beim Huab Crossing noch ein St\u00fcck den Upper Huab Trail flussaufw\u00e4rts, einfach um mal zu sehen, wie es dort so aussieht. Anfangs ist kaum Wasser vorhanden, doch je weiter wir flussaufw\u00e4rts kommen, umso mehr Wasser und sehr tiefe Stellen gibt es, zudem sind immer h\u00e4ufiger Querungen mit zwar seichtem aber noch flie\u00dfendem Wasser vorhanden. Vor einer ziemlich breiten Querung drehen wir schlie\u00dflich um und fahren \u00fcber die C43 nach Palmwag. Die Wolken haben sich mittlerweile fast vollst\u00e4ndig gelichtet und die Temperatur steigt auch wieder. Na bitte, doch Sommer in Namibia&#8230;<\/p>\n<p><a href=\"http:\/\/www.decker.wien\/wolfgang\/wp-content\/uploads\/2015\/03\/25-01-2015-09.jpg\"><img loading=\"lazy\" decoding=\"async\" class=\"alignnone size-large wp-image-888\" src=\"http:\/\/www.decker.wien\/wolfgang\/wp-content\/uploads\/2015\/03\/25-01-2015-09-1024x680.jpg\" alt=\"25-01-2015-09\" width=\"904\" height=\"600\" srcset=\"http:\/\/www.decker.wien\/wolfgang\/wp-content\/uploads\/2015\/03\/25-01-2015-09-1024x680.jpg 1024w, http:\/\/www.decker.wien\/wolfgang\/wp-content\/uploads\/2015\/03\/25-01-2015-09-300x199.jpg 300w, http:\/\/www.decker.wien\/wolfgang\/wp-content\/uploads\/2015\/03\/25-01-2015-09-904x600.jpg 904w, http:\/\/www.decker.wien\/wolfgang\/wp-content\/uploads\/2015\/03\/25-01-2015-09.jpg 1200w\" sizes=\"auto, (max-width: 904px) 100vw, 904px\" \/><\/a><\/p>\n<p><img loading=\"lazy\" decoding=\"async\" class=\"alignnone size-large wp-image-889\" src=\"http:\/\/www.decker.wien\/wolfgang\/wp-content\/uploads\/2015\/03\/25-01-2015-11-1024x768.jpg\" alt=\"25-01-2015-11\" width=\"904\" height=\"678\" srcset=\"http:\/\/www.decker.wien\/wolfgang\/wp-content\/uploads\/2015\/03\/25-01-2015-11-1024x768.jpg 1024w, http:\/\/www.decker.wien\/wolfgang\/wp-content\/uploads\/2015\/03\/25-01-2015-11-300x225.jpg 300w, http:\/\/www.decker.wien\/wolfgang\/wp-content\/uploads\/2015\/03\/25-01-2015-11-904x678.jpg 904w, http:\/\/www.decker.wien\/wolfgang\/wp-content\/uploads\/2015\/03\/25-01-2015-11.jpg 1200w\" sizes=\"auto, (max-width: 904px) 100vw, 904px\" \/><\/p>\n<p>Wir fahren schlie\u00dflich durch den Veterin\u00e4rzaun und f\u00fcllen an der Tankstelle die beiden Tanks auf. Ja, hier merkt man die Automatik und den Untergrund, den wir die letzten Tage gefahren sind. 105 Liter f\u00fcr 550 Kilometer macht im Schnitt 19 Liter auf 100 Kilometer. Nach dem Tanken fahren wir zur Palmwag Lodge, wo wir uns ein Permit besorgen und via Netbook ein paar Satellitenbilder anschauen wollen. So viel Regen ist eher ungew\u00f6hnlich und ich m\u00f6chte zumindest wissen, wie das die n\u00e4chsten Tage weitergeht. Leider bekommen wir mit dem G\u00e4ste-Internet nirgendwo in der Lodge eine Verbindung, weder in der Rezeption, noch in der Bar, wo wir uns einen Rock Shandy genehmigen. Sehr hilfreich sind die beiden Damen in der Rezeption auch nicht, anderes Netz gibt es nicht, ihren Computer k\u00f6nne ich nicht verwenden und Wettervorhersage haben sie auch keine. Hm. Ok, wir besorgen uns die Permits f\u00fcr heute und morgen f\u00fcr die Fahrt \u00fcber den Crowtherstrail und die \u00dcbernachtungen und fahren Richtung Campsite 2. Bei der Einfahrt ins Konzessionsgebiet l\u00e4sst der Torw\u00e4chter noch kurz die Bemerkung &#8222;This is a lions area, don&#8217;t move far away from your car&#8220; fallen.&nbsp;Auf dem Weg machen sich die Zuseher bemerkbar, eine Giraffe und unser erster Schakal laufen uns vor die Linse. Ja, Oryx, Springb\u00f6cke und Zebras m\u00fcssen eh nicht mehr erw\u00e4hnt werden.<\/p>\n<p><a href=\"http:\/\/www.decker.wien\/wolfgang\/wp-content\/uploads\/2015\/03\/25-01-2015-13.jpg\"><img loading=\"lazy\" decoding=\"async\" class=\"alignnone size-large wp-image-895\" src=\"http:\/\/www.decker.wien\/wolfgang\/wp-content\/uploads\/2015\/03\/25-01-2015-13-1024x768.jpg\" alt=\"25-01-2015-13\" width=\"904\" height=\"678\" srcset=\"http:\/\/www.decker.wien\/wolfgang\/wp-content\/uploads\/2015\/03\/25-01-2015-13-1024x768.jpg 1024w, http:\/\/www.decker.wien\/wolfgang\/wp-content\/uploads\/2015\/03\/25-01-2015-13-300x225.jpg 300w, http:\/\/www.decker.wien\/wolfgang\/wp-content\/uploads\/2015\/03\/25-01-2015-13-904x678.jpg 904w, http:\/\/www.decker.wien\/wolfgang\/wp-content\/uploads\/2015\/03\/25-01-2015-13.jpg 1200w\" sizes=\"auto, (max-width: 904px) 100vw, 904px\" \/><\/a> <a href=\"http:\/\/www.decker.wien\/wolfgang\/wp-content\/uploads\/2015\/03\/25-01-2015-13-1.jpg\"><img loading=\"lazy\" decoding=\"async\" class=\"alignnone size-large wp-image-896\" src=\"http:\/\/www.decker.wien\/wolfgang\/wp-content\/uploads\/2015\/03\/25-01-2015-13-1-1024x681.jpg\" alt=\"25-01-2015-13-1\" width=\"904\" height=\"601\" srcset=\"http:\/\/www.decker.wien\/wolfgang\/wp-content\/uploads\/2015\/03\/25-01-2015-13-1-1024x681.jpg 1024w, http:\/\/www.decker.wien\/wolfgang\/wp-content\/uploads\/2015\/03\/25-01-2015-13-1-300x200.jpg 300w, http:\/\/www.decker.wien\/wolfgang\/wp-content\/uploads\/2015\/03\/25-01-2015-13-1-904x601.jpg 904w, http:\/\/www.decker.wien\/wolfgang\/wp-content\/uploads\/2015\/03\/25-01-2015-13-1.jpg 1200w\" sizes=\"auto, (max-width: 904px) 100vw, 904px\" \/><\/a><\/p>\n<p>Wir schaukeln uns so Richtung Campsite 2, als ich nach einer kleinen trockenen Bachdurchfahrt im R\u00fcckspiegel pl\u00f6tzlich regelm\u00e4\u00dfige Sandfont\u00e4nen neben dem rechten Hinterrad aufsteigen sehe. Na, ned wirklich. Oder doch? Ich fahre vom Track ab und parke mich gleich daneben ein. Tats\u00e4chlich, hat mir doch ein festsitzender Stein die Seitenwand des Reifens aufgeschlitzt. Und das bei den neuen wirklich guten Exemplaren. Nicole wird nerv\u00f6s. &#8222;L\u00f6wengebiet hat er gesagt, da willst jetzt Reifenwechseln?&#8220;. Bleibt uns ja nix anderes \u00fcbrig, ausserdem sieht man weit und die L\u00f6wen werden uns ja nicht als Mahlzeit auserkoren haben. Mit dem Highlift-Jack ist das auch recht rasch erledigt, schon alleine daf\u00fcr bin ich froh, dass wir ihn dazu bestellt haben. Mit den Mini-Wagenhebern, die da beim Hilux serienm\u00e4\u00dfig dabei sind, m\u00fcsste man halb unter&#8217;s Auto kriechen und ewig pumpen, bis das Rad mal oben in der Luft ist. Nicht mal 15 Minuten sp\u00e4ter ist alles erledigt und ich beginne mir die Frage zu stellen, wie wir da jetzt weiter tun.<\/p>\n<p><a href=\"http:\/\/www.decker.wien\/wolfgang\/wp-content\/uploads\/2015\/03\/25-01-2015-12.jpg\"><img loading=\"lazy\" decoding=\"async\" class=\"alignnone size-large wp-image-890\" src=\"http:\/\/www.decker.wien\/wolfgang\/wp-content\/uploads\/2015\/03\/25-01-2015-12-1024x768.jpg\" alt=\"25-01-2015-12\" width=\"904\" height=\"678\" srcset=\"http:\/\/www.decker.wien\/wolfgang\/wp-content\/uploads\/2015\/03\/25-01-2015-12-1024x768.jpg 1024w, http:\/\/www.decker.wien\/wolfgang\/wp-content\/uploads\/2015\/03\/25-01-2015-12-300x225.jpg 300w, http:\/\/www.decker.wien\/wolfgang\/wp-content\/uploads\/2015\/03\/25-01-2015-12-904x678.jpg 904w, http:\/\/www.decker.wien\/wolfgang\/wp-content\/uploads\/2015\/03\/25-01-2015-12.jpg 1200w\" sizes=\"auto, (max-width: 904px) 100vw, 904px\" \/><\/a><\/p>\n<p>Geplant ist ja der steinige Crowtherstrail, dann den Hoanib queren und weiter bis nach Purros. Zwei volle Tage &#8222;in the middle of nowhere&#8220;, ohne Ahnung,&nbsp;wie das Wetter und somit die Fl\u00fcsse werden und das alleine und nur mit einem Reserverad. Ist mir zu heikel, ehrlich gesagt. Wir fahren um besseren Empfang am Handy zu haben, auf einen H\u00fcgel, wo wir die Notfall-Nummer von Savanna erreichen. Wir bekommen mitgeteilt, dass in Kamanjab in einer Garage Reifen von Savanna l\u00e4gen, aber heute um 16:00 Uhr w\u00e4re &#8211; da Sonntag &#8211; keiner leider mehr dort. \u00c4hem, &#8222;heute&#8220;? Heute machen wir eh nix mehr. Wir vereinbaren, dass wir dort morgen vorbeifahren, bedanken uns und steuern schlie\u00dflich endg\u00fcltig die Campsite an.<\/p>\n<p><a href=\"http:\/\/www.decker.wien\/wolfgang\/wp-content\/uploads\/2015\/03\/25-01-2015-15.jpg\"><img loading=\"lazy\" decoding=\"async\" class=\"alignnone size-large wp-image-891\" src=\"http:\/\/www.decker.wien\/wolfgang\/wp-content\/uploads\/2015\/03\/25-01-2015-15-1024x680.jpg\" alt=\"25-01-2015-15\" width=\"904\" height=\"600\" srcset=\"http:\/\/www.decker.wien\/wolfgang\/wp-content\/uploads\/2015\/03\/25-01-2015-15-1024x680.jpg 1024w, http:\/\/www.decker.wien\/wolfgang\/wp-content\/uploads\/2015\/03\/25-01-2015-15-300x199.jpg 300w, http:\/\/www.decker.wien\/wolfgang\/wp-content\/uploads\/2015\/03\/25-01-2015-15-904x600.jpg 904w, http:\/\/www.decker.wien\/wolfgang\/wp-content\/uploads\/2015\/03\/25-01-2015-15.jpg 1200w\" sizes=\"auto, (max-width: 904px) 100vw, 904px\" \/><\/a><\/p>\n<p>Die ist genial. Liegt auf einem kleinen H\u00fcgel mit Blick auf die&nbsp;darunterliegende Ebene und sehr weitem Sichtfeld rundherum (wegen der L\u00f6wen w\u00e4r&#8217;s gewesen ;-)). Die Sonne scheint noch ordentlich, Wind geht auch, was uns hilft, das Zelt und alle Schlafsachen recht rasch wieder trocken zu bekommen. Nach nicht mal einer halben Stunde auf der W\u00e4scheleine sind Decken, P\u00f6lster und Schlafsack wieder trocken. Und die Matratze im \u00fcberall offenen Zelt ebenfalls. W\u00e4hrenddessen mache ich Feuer, ein paar Fotos (&#8222;Geh nicht so weit weg, da gibt&#8217;s L\u00f6wen&#8220;) und richte das Fleisch f\u00fcr heute Abend her. Oryxfilet mit Tomatensalat. Dazu das eine oder andere Windhoek Lager oder Windhoek Draught, f\u00fcr die Nicole Rotwein. Unglaublicher Platz hier, wir genie\u00dfen ihn nach dem Essen noch sehr lange und ausgiebig.<\/p>\n<p><a href=\"http:\/\/www.decker.wien\/wolfgang\/wp-content\/uploads\/2015\/03\/25-01-2015-22.jpg\"><img loading=\"lazy\" decoding=\"async\" class=\"alignnone size-large wp-image-892\" src=\"http:\/\/www.decker.wien\/wolfgang\/wp-content\/uploads\/2015\/03\/25-01-2015-22-1024x680.jpg\" alt=\"25-01-2015-22\" width=\"904\" height=\"600\" srcset=\"http:\/\/www.decker.wien\/wolfgang\/wp-content\/uploads\/2015\/03\/25-01-2015-22-1024x680.jpg 1024w, http:\/\/www.decker.wien\/wolfgang\/wp-content\/uploads\/2015\/03\/25-01-2015-22-300x199.jpg 300w, http:\/\/www.decker.wien\/wolfgang\/wp-content\/uploads\/2015\/03\/25-01-2015-22-904x600.jpg 904w, http:\/\/www.decker.wien\/wolfgang\/wp-content\/uploads\/2015\/03\/25-01-2015-22.jpg 1200w\" sizes=\"auto, (max-width: 904px) 100vw, 904px\" \/><\/a> <a href=\"http:\/\/www.decker.wien\/wolfgang\/wp-content\/uploads\/2015\/03\/25-01-2015-24.jpg\"><img loading=\"lazy\" decoding=\"async\" class=\"alignnone size-large wp-image-893\" src=\"http:\/\/www.decker.wien\/wolfgang\/wp-content\/uploads\/2015\/03\/25-01-2015-24-1024x680.jpg\" alt=\"25-01-2015-24\" width=\"904\" height=\"600\" srcset=\"http:\/\/www.decker.wien\/wolfgang\/wp-content\/uploads\/2015\/03\/25-01-2015-24-1024x680.jpg 1024w, http:\/\/www.decker.wien\/wolfgang\/wp-content\/uploads\/2015\/03\/25-01-2015-24-300x199.jpg 300w, http:\/\/www.decker.wien\/wolfgang\/wp-content\/uploads\/2015\/03\/25-01-2015-24-904x600.jpg 904w, http:\/\/www.decker.wien\/wolfgang\/wp-content\/uploads\/2015\/03\/25-01-2015-24.jpg 1200w\" sizes=\"auto, (max-width: 904px) 100vw, 904px\" \/><\/a><\/p>\n<p>&nbsp;<\/p>\nngg_shortcode_0_placeholder\n<p>&nbsp;<\/p>\n<table width=\"100%\">\n<tbody>\n<tr>\n<td width=\"50%\"><a title=\"Tag 8 \u2013 24. J\u00e4nner 2015\" href=\"http:\/\/www.decker.wien\/wolfgang\/namibia-2015\/tag-8-24-jaenner-2015\/\">Zur\u00fcck zu Tag 8<\/a><\/td>\n<td style=\"text-align: right;\" width=\"50%\"><a title=\"Tag 10 \u2013 26. J\u00e4nner 2015\" href=\"http:\/\/www.decker.wien\/wolfgang\/namibia-2015\/tag-10-26-jaenner-2015\/\">Weiter zu Tag 10<\/a><\/td>\n<\/tr>\n<\/tbody>\n<\/table>\n","protected":false},"excerpt":{"rendered":"<p>Heute ist zur Abwechslung einmal etwas fr\u00fcher Tagwache, wir stehen um sieben Uhr auf und kommen nach dem gem\u00fctlichen Fr\u00fchst\u00fcck [&hellip;]<\/p>\n","protected":false},"author":1,"featured_media":893,"parent":27,"menu_order":0,"comment_status":"open","ping_status":"closed","template":"","meta":{"site-sidebar-layout":"default","site-content-layout":"","ast-site-content-layout":"default","site-content-style":"default","site-sidebar-style":"default","ast-global-header-display":"","ast-banner-title-visibility":"","ast-main-header-display":"","ast-hfb-above-header-display":"","ast-hfb-below-header-display":"","ast-hfb-mobile-header-display":"","site-post-title":"","ast-breadcrumbs-content":"","ast-featured-img":"","footer-sml-layout":"","ast-disable-related-posts":"","theme-transparent-header-meta":"","adv-header-id-meta":"","stick-header-meta":"","header-above-stick-meta":"","header-main-stick-meta":"","header-below-stick-meta":"","astra-migrate-meta-layouts":"default","ast-page-background-enabled":"default","ast-page-background-meta":{"desktop":{"background-color":"var(--ast-global-color-5)","background-image":"","background-repeat":"repeat","background-position":"center center","background-size":"auto","background-attachment":"scroll","background-type":"","background-media":"","overlay-type":"","overlay-color":"","overlay-opacity":"","overlay-gradient":""},"tablet":{"background-color":"","background-image":"","background-repeat":"repeat","background-position":"center center","background-size":"auto","background-attachment":"scroll","background-type":"","background-media":"","overlay-type":"","overlay-color":"","overlay-opacity":"","overlay-gradient":""},"mobile":{"background-color":"","background-image":"","background-repeat":"repeat","background-position":"center center","background-size":"auto","background-attachment":"scroll","background-type":"","background-media":"","overlay-type":"","overlay-color":"","overlay-opacity":"","overlay-gradient":""}},"ast-content-background-meta":{"desktop":{"background-color":"var(--ast-global-color-4)","background-image":"","background-repeat":"repeat","background-position":"center center","background-size":"auto","background-attachment":"scroll","background-type":"","background-media":"","overlay-type":"","overlay-color":"","overlay-opacity":"","overlay-gradient":""},"tablet":{"background-color":"var(--ast-global-color-4)","background-image":"","background-repeat":"repeat","background-position":"center center","background-size":"auto","background-attachment":"scroll","background-type":"","background-media":"","overlay-type":"","overlay-color":"","overlay-opacity":"","overlay-gradient":""},"mobile":{"background-color":"var(--ast-global-color-4)","background-image":"","background-repeat":"repeat","background-position":"center center","background-size":"auto","background-attachment":"scroll","background-type":"","background-media":"","overlay-type":"","overlay-color":"","overlay-opacity":"","overlay-gradient":""}},"ngg_post_thumbnail":0,"footnotes":""},"class_list":["post-826","page","type-page","status-publish","has-post-thumbnail","hentry"],"_links":{"self":[{"href":"http:\/\/www.decker.wien\/wolfgang\/wp-json\/wp\/v2\/pages\/826","targetHints":{"allow":["GET"]}}],"collection":[{"href":"http:\/\/www.decker.wien\/wolfgang\/wp-json\/wp\/v2\/pages"}],"about":[{"href":"http:\/\/www.decker.wien\/wolfgang\/wp-json\/wp\/v2\/types\/page"}],"author":[{"embeddable":true,"href":"http:\/\/www.decker.wien\/wolfgang\/wp-json\/wp\/v2\/users\/1"}],"replies":[{"embeddable":true,"href":"http:\/\/www.decker.wien\/wolfgang\/wp-json\/wp\/v2\/comments?post=826"}],"version-history":[{"count":11,"href":"http:\/\/www.decker.wien\/wolfgang\/wp-json\/wp\/v2\/pages\/826\/revisions"}],"predecessor-version":[{"id":8285,"href":"http:\/\/www.decker.wien\/wolfgang\/wp-json\/wp\/v2\/pages\/826\/revisions\/8285"}],"up":[{"embeddable":true,"href":"http:\/\/www.decker.wien\/wolfgang\/wp-json\/wp\/v2\/pages\/27"}],"wp:featuredmedia":[{"embeddable":true,"href":"http:\/\/www.decker.wien\/wolfgang\/wp-json\/wp\/v2\/media\/893"}],"wp:attachment":[{"href":"http:\/\/www.decker.wien\/wolfgang\/wp-json\/wp\/v2\/media?parent=826"}],"curies":[{"name":"wp","href":"https:\/\/api.w.org\/{rel}","templated":true}]}}